{"id":20,"date":"2014-02-18T11:38:26","date_gmt":"2014-02-18T11:38:26","guid":{"rendered":"http:\/\/schlosspark-moers.de\/?page_id=20"},"modified":"2014-02-18T11:56:40","modified_gmt":"2014-02-18T11:56:40","slug":"informationen","status":"publish","type":"page","link":"http:\/\/schlosspark-moers.de\/?page_id=20","title":{"rendered":"Informationen"},"content":{"rendered":"<p>Seit der Schleifung der Festungsanlagen durch Friedrich den Gro\u00dfen im Jahre 1763 waren die Festungsinsel und die einstigen Steinw\u00e4lle und Gr\u00e4ben immer mehr verkommen. Dorngestr\u00fcpp wucherte \u00fcber der verfallenen Insel und der Moerser B\u00fcrger mied es, dort entlang zu wandern. Nur vereinzelte Ziegenherden, die anspruchslos genug waren, wurden zum Grasen in die Wildnis geschickt. Wintgens, der ab 1810 gro\u00dfe Fl\u00e4chen s\u00fcdlich seines Betriebes erworben und zun\u00e4chst landwirtschaftlich genutzt hatte, lie\u00df diese ab 1836 durch den bekannten Gartenarchitekten\u00a0Maximilian Weyhe\u00a0aus D\u00fcsseldorf in eine private Parkanlage umgestalten. Entsprechend dem der Mode folgenden Stil Weyhes entstand nicht ein f\u00fcr solche Anwesen eher \u00fcblicher Barockgarten, sondern eine naturnahe Anlage im englischen Stil mit geschwungenen Wegen, gro\u00dfz\u00fcgigen Fl\u00e4chen und Solit\u00e4rb\u00e4umen, die so gruppiert wurden, dass ein wechselndes Spiel von Licht und Schatten sowie immer neue Durchblicke einen besonderen Reiz ergaben. Die Arbeit Weyhes ist nicht durch Pl\u00e4ne, sondern nur durch das sp\u00e4te Zeugnis des Moerser Gartenbauers Nickertz belegt. Der so gestaltete Garten umfasste den heutigen Ostteil des Parks, begrenzt durch den vom Schloss in Nord-S\u00fcd-Richtung verlaufenden Hauptweg sowie den \u00f6stlichen Wall bis zum noch vorhandenen Schlossgraben. Nach dem Tode von Friedrich Wintgens wurde diese Parkanlage von dessen Sohn Heinrich an den Landrat von Hochw\u00e4chter sowie von diesem an seinen Nachfolger, den Landrat\u00a0John von Haniel\u00a0verkauft.<\/p>\n<p>Heinrich Wintgens seinerseits, der nach wie vor das Schloss bewohnte, beauftragte 1874 Peter Hermann Nickertz, nun den Westteil des Gel\u00e4ndes \u00e4hnlich auszubauen. Diese Anlage ist enger von Wegen durchzogen und verglichen mit dem Ostteil wesentlich st\u00e4rker mit exotischen B\u00e4umen wie Blutbuchen, Esskastanien, Fl\u00fcgelnuss, G\u00f6tterbaum und Schwarzkiefern bepflanzt. Eine Besonderheit dieses Bereichs ist die enge Wegf\u00fchrung entlang des breiten Stadtgrabens im Westen, durch die auch das Gew\u00e4sser mit in die Gestaltung einbezogen wird. Dieser Teil wurde im Norden durch einen Obst- und Gem\u00fcsegarten begrenzt, der seinerseits 1910 in den Park integriert wurde.<\/p>\n<p>Durch den Ankauf der Parkanlagen 1904 von der Familie Wintgens sowie 1913 vom Landrat von Haniel konnte die durch den Bergbau aufstrebende Stadt die Parkanlagen ab 1906 bzw. 1914 der \u00d6ffentlichkeit zug\u00e4ngig machen. Das Gel\u00e4nde s\u00fcdlich des Stadtgrabens, das noch innerhalb des Walls lag, blieb zun\u00e4chst ungenutzt. Die Nordgrenze verlief unmittelbar am Privatgarten der Landr\u00e4te, die zu dieser Zeit das sog. \u201eWei\u00dfe Haus\u201c, das ehemalige Wohngeb\u00e4ude des Arztes Wittfeld, als Wohnsitz nutzten. 1930 entstand als Anbau an die Schlossanlage das heute noch als Restaurant mit Biergarten beliebte Parkcafe. Im Jahr 1932 wurde dann der S\u00fcdteil nach Pl\u00e4nen des Moerser Garteninspektors Max Massias als \u201eVolks- und B\u00fcrgerpark\u201c mit gro\u00dfen Rasenfl\u00e4chen und weiten Durchblicken gestaltet. Im s\u00fcdlichen Zipfel entstand aufgrund des sandigen Untergrunds ein Heidegarten mit Birken und Wacholder. Aus dem ehemaligen Nutzgarten der Familie Wintgens \u00f6stlich des Schlosses wurde eine Rasenanlage, der heutige Rosengarten. Ab 1933 wurde schlie\u00dflich auch der Landratsgarten mit romantischem Teich und einem als Freisitz dienenden kleinem H\u00fcgel integriert sowie das Hektordenkmal errichtet.<\/p>\n<p>Aufgrund der besonderen Bedeutung f\u00fcr Geschichte und Struktur der Stadt Moers wurden die Wallanlagen 1983 als Denkmalbereich\u00a0unter Schutz gestellt und der Schlosspark 1989 zum Baudenkmal\u00a0erhoben. Dazu wurden acht einzelne B\u00e4ume zu Naturdenkmalen\u00a0erhoben. 2004\/2005 wurde der Park schlie\u00dflich als besonders exzellentes Beispiel in die\u00a0Stra\u00dfe der Gartenkunst zwischen Rhein und Maas\u00a0aufgenommen.<\/p>\n<p>In den 1960er Jahren wurde in unmittelbarer Angrenzung an den Schlosspark das Gel\u00e4nde entlang des Moersbaches im S\u00fcdwesten zu einem gro\u00dfz\u00fcgigen Freizeitpark hergerichtet mit Tennis-, Bolz- Grill- und Spielpl\u00e4tzen, einem Rodelberg, Streichelzoo, einem Blindenbeet, einem gro\u00dfen Teich f\u00fcr den\u00a0Modellwassersport\u00a0sowie einem\u00a0japanischen Garten.<\/p>\n","protected":false},"excerpt":{"rendered":"<p>Seit der Schleifung der Festungsanlagen durch Friedrich den Gro\u00dfen im Jahre 1763 waren die Festungsinsel und die einstigen Steinw\u00e4lle und Gr\u00e4ben immer mehr verkommen. Dorngestr\u00fcpp wucherte \u00fcber der verfallenen Insel und der Moerser B\u00fcrger mied es, dort entlang zu wandern. Nur vereinzelte Ziegenherden, die anspruchslos genug waren, wurden zum Grasen in die Wildnis geschickt. Wintgens, der ab 1810 gro\u00dfe Fl\u00e4chen s\u00fcdlich seines Betriebes erworben und zun\u00e4chst landwirtschaftlich genutzt hatte, lie\u00df diese ab 1836 durch den bekannten Gartenarchitekten\u00a0Maximilian Weyhe\u00a0aus D\u00fcsseldorf in eine private Parkanlage umgestalten. Entsprechend dem der Mode folgenden Stil Weyhes entstand nicht ein f\u00fcr solche Anwesen eher \u00fcblicher Barockgarten, sondern eine naturnahe Anlage im englischen Stil mit geschwungenen Wegen, gro\u00dfz\u00fcgigen Fl\u00e4chen und Solit\u00e4rb\u00e4umen, die so gruppiert wurden, dass ein wechselndes Spiel von Licht und Schatten sowie immer neue Durchblicke einen besonderen Reiz ergaben. Die Arbeit Weyhes ist nicht durch Pl\u00e4ne, sondern nur durch das sp\u00e4te Zeugnis des Moerser Gartenbauers Nickertz belegt. Der so gestaltete Garten umfasste den heutigen Ostteil des Parks, begrenzt durch den vom Schloss in Nord-S\u00fcd-Richtung verlaufenden Hauptweg sowie den \u00f6stlichen Wall bis zum noch vorhandenen Schlossgraben. Nach dem Tode von Friedrich Wintgens wurde diese Parkanlage von dessen Sohn Heinrich an den Landrat von Hochw\u00e4chter sowie von diesem an seinen Nachfolger, den Landrat\u00a0John von Haniel\u00a0verkauft. Heinrich Wintgens seinerseits, der nach wie vor das Schloss bewohnte, beauftragte 1874 Peter Hermann Nickertz, nun den Westteil des Gel\u00e4ndes \u00e4hnlich auszubauen. Diese Anlage ist enger von Wegen durchzogen und verglichen mit dem Ostteil wesentlich st\u00e4rker mit exotischen B\u00e4umen wie Blutbuchen, Esskastanien, <a class=\"read-more\" href=\"http:\/\/schlosspark-moers.de\/?page_id=20\">Continue Reading &#8594;<\/a><\/p>\n","protected":false},"author":1,"featured_media":0,"parent":0,"menu_order":0,"comment_status":"closed","ping_status":"closed","template":"","meta":{"footnotes":""},"class_list":["post-20","page","type-page","status-publish","hentry"],"_links":{"self":[{"href":"http:\/\/schlosspark-moers.de\/index.php?rest_route=\/wp\/v2\/pages\/20","targetHints":{"allow":["GET"]}}],"collection":[{"href":"http:\/\/schlosspark-moers.de\/index.php?rest_route=\/wp\/v2\/pages"}],"about":[{"href":"http:\/\/schlosspark-moers.de\/index.php?rest_route=\/wp\/v2\/types\/page"}],"author":[{"embeddable":true,"href":"http:\/\/schlosspark-moers.de\/index.php?rest_route=\/wp\/v2\/users\/1"}],"replies":[{"embeddable":true,"href":"http:\/\/schlosspark-moers.de\/index.php?rest_route=%2Fwp%2Fv2%2Fcomments&post=20"}],"version-history":[{"count":1,"href":"http:\/\/schlosspark-moers.de\/index.php?rest_route=\/wp\/v2\/pages\/20\/revisions"}],"predecessor-version":[{"id":21,"href":"http:\/\/schlosspark-moers.de\/index.php?rest_route=\/wp\/v2\/pages\/20\/revisions\/21"}],"wp:attachment":[{"href":"http:\/\/schlosspark-moers.de\/index.php?rest_route=%2Fwp%2Fv2%2Fmedia&parent=20"}],"curies":[{"name":"wp","href":"https:\/\/api.w.org\/{rel}","templated":true}]}}